at are the prime factors of (12/(-10))/(y/(-30))?
2, 3
Let a(i) be the first derivative of i**2/2 + 2*i - 34. What are the prime factors of a(1)?
3
Let g = 1425 - 968. List the prime factors of g.
457
Suppose 5*i - 34 = 4*o - 97, i + 4*o = -3. Let m = i + 29. List the prime factors of m.
2, 3
Let a = 34 + -32. Suppose a*k - 1010 = -8*k. What are the prime factors of k?
101
Suppose 50 = 10*h - 20. List the prime factors of -1 + 111 - (9 - h).
2, 3
Suppose -1295 = 7*q - 6251. List the prime factors of q.
2, 3, 59
Suppose -5*o + 19 + 6 = 0. Suppose o*x + 156 = 2*x. List the prime factors of 12*(-2 + x/(-16)).
3, 5
Let t(o) = -4 - 25*o + 9 - 114*o. What are the prime factors of t(-1)?
2, 3
Let b be (0 - 15)*(-4)/(-12). Let q be (88/b)/((-6)/15). Suppose -q = 2*r - 6*r. List the prime factors of r.
11
List the prime factors of 2/(-5)*(6 - (-73773)/(-18)).
1637
Let v = 15 - -3. Suppose -2*g = g + v. List the prime factors of (-56)/g*18/12.
2, 7
Let o(x) = -3 - 1 + 2 + 3*x - 8. Let t be o(5). Suppose 5*m - 1 = -t*d + 44, -4*m - 5*d + 33 = 0. What are the prime factors of m?
2, 3
Let x(f) = -39*f - 168. What are the prime factors of x(-15)?
3, 139
Let c = 6 - 5. Suppose 0 = -2*v + 2*w + 2, 0 = -3*v + 2*w - c + 8. Suppose -5 = -u + v. List the prime factors of u.
2, 5
Suppose -a + 791 = 2*g, 3*a + 0*a - 2318 = 5*g. List the prime factors of a.
11, 71
Let b(i) = -i**2 - 13*i + 6. Let x be b(-14). List the prime factors of (-351)/x - 17/(-136).
2, 11
Let g = 27 + -19. Suppose g*c - 11*c = 21. Let d = c + 56. List the prime factors of d.
7
Let n = -16 + 13. Let f be n/(-21) - (-16)/(-14). Let s = 6 - f. What are the prime factors of s?
7
Let m = -96 + 98. Suppose r - 101 = 3*j + 106, -m*j = -4*r + 778. List the prime factors of r.
2, 3
Let s(g) = -g**2 + 8*g + 23. Let u(p) = p. Let q(w) = -s(w) + 2*u(w). List the prime factors of q(12).
7
Let m = 1241 - 615. What are the prime factors of m?
2, 313
Let h be (-4)/(-6) + (-48)/(-18)*-34. Let o = -83 - h. List the prime factors of o.
7
Suppose 25 = -10*n + 5*n, -5*s + 3*n + 22750 = 0. List the prime factors of s.
4547
Let t = -45 + 47. Suppose -t*j - 1 = -17. What are the prime factors of j?
2
Let u(x) = -x**2 - 23*x + 3. Let b be u(-23). Let q be 2/(-5) - 2260/(-25). Suppose q = -s + b*s. What are the prime factors of s?
3, 5
Suppose -33 + 177 = -4*u. Let c = 2 - u. List the prime factors of c.
2, 19
List the prime factors of 738/12*(0 + 60/9).
2, 5, 41
Let v = -5 + -5. What are the prime factors of (-15)/(-6)*(-268)/v?
67
Suppose 9 = -5*w - 61. Let q = w + 250. List the prime factors of q.
2, 59
Let k = 24 - 26. List the prime factors of (20/(-40))/(k/164).
41
What are the prime factors of (-146)/(-1) - (-4)/(10 - 11)?
2, 71
Suppose 5*j + 2 = -13. Let l be (25/10)/(j/84). Let w = -48 - l. List the prime factors of w.
2, 11
Let z(s) = -5*s**2 + 2*s**3 + 7*s**3 - 7*s**3 + 1 + 0*s**2 - 9*s. What are the prime factors of z(5)?
3
Let u(x) = -x**2 - 24*x - 22. Let z be u(-23). List the prime factors of (((-108)/(-8))/(-3))/(z/(-10)).
3, 5
Suppose -4*n - 51 = -7*n. Suppose -5*m + 3 = -n. List the prime factors of m.
2
Suppose -9 = 19*a - 22*a. Suppose 2*r - 15 = -0*r - 3*m, -15 = 3*r - a*m. Suppose -k = -r*k - 44. List the prime factors of k.
2, 11
What are the prime factors of (-6108)/(-14) - (-8)/(-28)?
2, 109
Suppose 10 = -2*v, 5*v + 11474 = 4*o + 3*v. List the prime factors of o.
2, 1433
Let n = 3 + -1. Suppose s - n*s + 30 = 0. Suppose 0 = -3*f + f + s. List the prime factors of f.
3, 5
Let j(a) = -9 - 6 - 3*a - a - 1. Let v be j(-12). Let t = -23 + v. List the prime factors of t.
3
Let u = 7 - 22. Let p be u/12*-1*4. List the prime factors of (-8)/(-2 - -5 - p).
2
Let x be 3/(-6 - -3)*5. Let v(y) = -y. Let u be v(x). Suppose 0 = -3*c - 0*b + 3*b + 36, -u*b - 33 = -2*c. What are the prime factors of c?
3
Let x be 7*(-2)/(-7)*17. Let f = 137 - x. What are the prime factors of f?
103
What are the prime factors of 3/(-1) + -3*(-46717)/33?
2, 1061
Suppose -2*b = 5*l - 1020 - 263, 2*l = 5*b - 3135. List the prime factors of b.
17, 37
Let c = -32 + 37. Let q(l) = -l**3 + 4*l**2 + 13*l - 9. What are the prime factors of q(c)?
31
Let a be ((-2)/4)/(3/12). Let z be a - 1/(4/(-20)). Suppose z + 18 = o. List the prime factors of o.
3, 7
Let f(p) = -8*p + 6. Suppose -4*r = -5*r - 2. What are the prime factors of f(r)?
2, 11
Let g be (9 - 5)*3/4. Suppose -g*q = -q. Suppose 5 = -q*m + m. List the prime factors of m.
5
Suppose -18438 = -10*x + 10422. List the prime factors of x.
2, 3, 13, 37
Let f(r) = -57*r**2 + 57*r + 72. Let a(d) = -7*d**2 + 7*d + 9. Let n(p) = -33*a(p) + 4*f(p). What are the prime factors of n(5)?
3, 17
Suppose 2*i + 2*x + x - 19 = 0, -2*x = 5*i - 42. Let o = 13 - i. Suppose 2*y = 2*c - 2*y - 72, -105 = -o*c - 5*y. List the prime factors of c.
2, 13
Let b(u) = -3*u**3 + u**2 - u. Let a(p) = p - 2*p + 2*p + 2*p + 10. Let g be a(-4). What are the prime factors of b(g)?
2, 3, 5
Suppose c + 3*f + f = 19, 5*c + 5*f = 35. Suppose -c*d + 384 = 3*r, 65 = -2*d - r + 319. What are the prime factors of d?
2, 3, 7
Suppose -33 + 13 = 2*l. Let j be (7/14)/((-1)/l). Suppose 4*t - 5*t = -v + 10, 0 = -4*v - j*t + 49. What are the prime factors of v?
11
Suppose 3*r = 1877 - 356. What are the prime factors of r?
3, 13
Let k = 712 - 577. List the prime factors of k.
3, 5
Let c(l) = -l**3 + 30*l**2 - 66*l + 22. What are the prime factors of c(27)?
7, 61
Let v = 9 + -6. Suppose 4*z - 5*z + q + 3 = 0, -23 = 4*z + v*q. What are the prime factors of (-1 + -3)*11/z?
2, 11
Suppose 48*w = -6916 + 103396. What are the prime factors of w?
2, 3, 5, 67
Let a = 746 - 47. What are the prime factors of a?
3, 233
Let u(a) = 11*a**2 - 14*a - 38. List the prime factors of u(12).
2, 13, 53
Suppose 0 = w + 6*v - 10*v - 236, -708 = -3*w - v. What are the prime factors of w?
2, 59
Let f(p) = 9*p**2 - 9*p - 7*p**2 + 18 + 0*p**2. List the prime factors of f(8).
2, 37
Let d(j) = -2*j**3 + 11*j**2 - 2*j + 11. Let i be d(5). Let c = -11 + i. What are the prime factors of c?
3, 5
Let o(m) = -2*m + 36. Let l be o(16). List the prime factors of (-2 - (-113)/l) + 12/16.
3
Suppose 0 = -54*f + 56*f - 138. Let i = f + -12. What are the prime factors of i?
3, 19
Suppose -4*p - 3*k = -7159, -71*k + 3552 = 2*p - 75*k. What are the prime factors of p?
2, 19, 47
Let v(n) = 246*n - 216. List the prime factors of v(7).
2, 3, 251
Suppose -46*u + 23*u + 18860 = 0. What are the prime factors of u?
2, 5, 41
Let q(a) = 61*a + 91. What are the prime factors of q(20)?
3, 19, 23
Let c(r) = -8*r + 14. Let v be c(-7). Let m = v - 43. Suppose -72 = -4*x - 4*s, -2*x - 5*s = -0*x - m. What are the prime factors of x?
3, 7
Let f = -19 + 20. Let i(u) = 8*u**2 + u. Let k be i(f). Suppose 19 + k = x. What are the prime factors of x?
2, 7
Let i(u) = -69*u + 78. What are the prime factors of i(-7)?
3, 11, 17
Let g(l) = -2*l**3 + l**2 + l + 16. Suppose 0 = -i - 3*i. Let y be g(i). Suppose o - y = 38. What are the prime factors of o?
2, 3
Let v = 10 - 6. Let t be 1 - (v - (-4 + -46)). Let u = t - -95. What are the prime factors of u?
2, 3, 7
List the prime factors of (93/(-4) + 2)*(5 + -9).
5, 17
Let c = 7 + -7. Suppose 3*l - 2*l + 6 = c. What are the prime factors of -2*(-9)/l*-22?
2, 3, 11
Let o(a) be the second derivative of a**4/3 - 2*a**3/3 + a**2 + 33*a. Let s be ((-12)/20)/(2/(-10)). What are the prime factors of o(s)?
2, 13
Suppose 0 = 3*f - 5*p - 9, -41 = -4*f - 3*p. Suppose -3*u + 3*a + 75 = 0, 2*u = a + 37 + f. Suppose 10 + u = 5*o. What are the prime factors of o?
2, 3
Let n(w) be the third derivative of w**6/120 + w**5/6 - 11*w**4/24 + 7*w**3/6 - 3*w**2. List the prime factors of n(-11).
7
Suppose -26 = 5*l - 4*l. Let a = l + 39. List the prime factors of a.
13
Let i = -31 + 37. Let w(k) = k + 7. Let a be w(-5). Suppose -100 = a*f - i*f. What are the prime factors of f?
5
Let d = -15 - -18. Let x = 15 + d. What are the prime factors of x?
2, 3
Suppose 3*q = 3*p, 2*q = p + 3*p - 2. What are the prime factors of 0 - q - (-51 + -6)?
2, 7
Suppose -6*a - 681 = -3069. Let k = -233 + a. What are the prime factors of k?
3, 5, 11
Let s(a) = -15*a - 2. Let w be s(-2). Suppose 2*v = w + 6. Let d = v - -4. List the prime factors of d.
3, 7
What are the prime factors of 4 - 9 - 